{"id":3,"date":"2019-05-09T13:33:16","date_gmt":"2019-05-09T13:33:16","guid":{"rendered":"https:\/\/rthscandinavia.com\/?p=3"},"modified":"2023-03-03T13:06:50","modified_gmt":"2023-03-03T12:06:50","slug":"materials","status":"publish","type":"page","link":"https:\/\/rthscandinavia.com\/?page_id=3","title":{"rendered":"Milj\u00f6 h\u00e5llbarhet"},"content":{"rendered":"<h2>F\u00f6rst\u00e5else f\u00f6r<br \/>H\u00e5llbarhet<\/h2>\n<p><img decoding=\"async\" src=\"\/wp-content\/uploads\/yootheme\/materials-sustainability-icon-01.svg\" alt=\"\"><\/p>\n<h3>SKYDD AV NATURRESURSERNA<\/h3>\n<hr>\n<h2>\n<p style=\"text-align: center;\">TVOC-utsl\u00e4pp \u00e4r 6 g\u00e5nger b\u00e4ttre \u00e4n normkraven<\/p>\n<\/h2>\n<p><img decoding=\"async\" src=\"\/wp-content\/uploads\/yootheme\/materials-sustainability-icon-02.svg\" alt=\"\"><\/p>\n<h3>Fotavtryck<\/h3>\n<hr>\n<h2>\n<p style=\"text-align: center;\">Ekodesignad enligt en produktspecifik livscykelanalys.<\/p>\n<p style=\"text-align: center;\">H\u00f6g kvalitet och l\u00e5ng h\u00e5llbarhet<\/p>\n<\/h2>\n<p><img decoding=\"async\" src=\"\/wp-content\/uploads\/yootheme\/materials-sustainability-icon-03.svg\" alt=\"\"><\/p>\n<h3>Industry Waste Management<\/h3>\n<hr>\n<h2>\n<p style=\"text-align: center;\">Allt material som anv\u00e4nds f\u00f6r att producera R-Tile produktsortimentet \u00e4r REACH-kompatibelt.<\/p>\n<\/h2>\n<p><img decoding=\"async\" src=\"\/wp-content\/uploads\/yootheme\/materials-sustainability-icon-04.svg\" alt=\"\"><\/p>\n<hr>\n<div>\n<h2 style=\"text-align: center;\">R-Tek verkar ocks\u00e5 strikt i<br \/>I enlighet med milj\u00f6n<br \/>standarder ISO 14001-2004 varigenom<br \/>allt avfall \u00e5tervinns till 100 % och<br \/>inkluderar alla avslagsplattor etc. som<br \/>granuleras och upparbetas<br \/>att producera nya svarta plattor.<\/h2>\n<\/div>\n<p><img decoding=\"async\" src=\"\/wp-content\/uploads\/yootheme\/materials-sustainability-icon-05.svg\" alt=\"\"><br \/>\n<iframe src=\"https:\/\/youtu.be\/az3n6zKdx_M\"><\/iframe><\/p>\n<p><!--more--><br \/>\n<!-- {\"name\":\"\",\"type\":\"layout\",\"children\":[{\"name\":\"Philosophy\",\"type\":\"section\",\"props\":{\"animation_delay\":false,\"image\":\"wp-content\\\/uploads\\\/yootheme\\\/materials-sustainability-bg.jpg\",\"image_effect\":\"parallax\",\"image_loading\":false,\"image_parallax_bgy\":\"-600,600\",\"image_parallax_easing\":\"1\",\"image_position\":\"center-center\",\"image_width\":\"2560\",\"padding\":\"xlarge\",\"style\":\"default\",\"title_breakpoint\":\"xl\",\"title_position\":\"top-left\",\"title_rotation\":\"left\",\"vertical_align\":\"\",\"width\":\"\"},\"children\":[{\"name\":\"\",\"type\":\"row\",\"props\":{\"width\":\"xlarge\"},\"children\":[{\"name\":\"\",\"type\":\"column\",\"props\":{\"image_position\":\"center-center\",\"media_overlay_gradient\":\"\",\"position_sticky_breakpoint\":\"m\",\"width_medium\":\"1-1\"},\"children\":[{\"name\":\"\",\"type\":\"headline\",\"props\":{\"animation\":\"parallax\",\"content\":\"F\\u00f6rst\\u00e5else f\\u00f6r<br \\\/>H\\u00e5llbarhet\",\"content_fi\":\"Ymm\\u00e4rrys<br \\\/>Kest\\u00e4v\\u00e4 kehitys\",\"content_nb_no\":\"Forst\\u00e5else av<br \\\/>B\\u00e6rekraft\",\"parallax_breakpoint\":\"m\",\"parallax_easing\":\"1.2\",\"parallax_y\":\"200,-800\",\"text_align\":\"center\",\"title_color\":\"primary\",\"title_element\":\"h2\",\"title_style\":\"heading-xlarge\"}}]}]},{\"type\":\"row\",\"children\":[{\"type\":\"column\",\"props\":{\"image_position\":\"center-center\",\"media_overlay_gradient\":\"\",\"position_sticky_breakpoint\":\"m\",\"width_medium\":\"1-1\"},\"children\":[{\"name\":\"\",\"type\":\"image\",\"props\":{\"animation\":\"parallax\",\"block_align\":\"center\",\"image\":\"wp-content\\\/uploads\\\/yootheme\\\/materials-sustainability-icon-01.svg\",\"image_svg_color\":\"primary\",\"image_svg_inline\":true,\"margin\":\"\",\"maxwidth\":\"2xlarge\",\"parallax_breakpoint\":\"m\",\"parallax_easing\":\"1\",\"parallax_end\":\"60vh + 60%\",\"parallax_opacity\":\"0.3,1\",\"parallax_target\":\"!.uk-section\",\"parallax_y\":\"150,0\",\"text_align\":\"center\"}}]}],\"props\":{\"row_gap\":\"large\"}},{\"name\":\"\",\"type\":\"row\",\"props\":{\"margin_remove_bottom\":false,\"width\":\"large\"},\"children\":[{\"name\":\"\",\"type\":\"column\",\"props\":{\"image_position\":\"center-center\",\"media_overlay_gradient\":\"\",\"position_sticky_breakpoint\":\"m\",\"text_color\":\"light\",\"width_medium\":\"1-1\"},\"children\":[{\"name\":\"\",\"type\":\"headline\",\"props\":{\"animation\":\"parallax\",\"block_align\":\"center\",\"content\":\"SKYDD AV NATURRESURSERNA\",\"content_fi\":\"LUONNONVAROJEN SUOJELU\",\"content_nb_no\":\"BESKYTTELSE AV NATURRESSURSER\",\"maxwidth\":\"2xlarge\",\"parallax_breakpoint\":\"m\",\"parallax_easing\":\"1\",\"parallax_end\":\"60vh + 60%\",\"parallax_opacity\":\"0.3,1\",\"parallax_target\":\"!.uk-section\",\"parallax_y\":\"150,0\",\"text_align\":\"center\",\"title_element\":\"h3\",\"title_style\":\"heading-medium\"}},{\"name\":\"\",\"type\":\"divider\",\"props\":{\"animation\":\"parallax\",\"block_align\":\"right\",\"divider_align\":\"\",\"divider_align_breakpoint\":\"\",\"divider_align_fallback\":\"\",\"divider_element\":\"hr\",\"divider_style\":\"vertical\",\"margin\":\"xlarge\",\"parallax_breakpoint\":\"m\",\"parallax_easing\":\"1\",\"parallax_end\":\"70vh + 70%\",\"parallax_opacity\":\"0.3,1\",\"parallax_target\":\"!.uk-section\",\"parallax_y\":\"150,0\"}},{\"type\":\"headline\",\"props\":{\"content\":\"\n\n<p style=\\\"text-align: center;\\\">TVOC-utsl\\u00e4pp \\u00e4r 6 g\\u00e5nger b\\u00e4ttre \\u00e4n normkraven<\\\/p>\",\"content_fi\":\"TVOC-p\\u00e4\\u00e4st\\u00f6t ovat 6 kertaa paremmat kuin normivaatimukset\",\"content_nb_no\":\"TVOC-utslippene er 6 ganger bedre enn normkravene\",\"text_align\":\"center\",\"title_element\":\"h2\"}}]}]},{\"type\":\"row\",\"props\":{\"margin\":\"xlarge\",\"margin_remove_bottom\":true,\"row_gap\":\"large\"},\"children\":[{\"type\":\"column\",\"props\":{\"image_position\":\"center-center\",\"media_overlay_gradient\":\"\",\"position_sticky_breakpoint\":\"m\",\"width_medium\":\"1-1\"},\"children\":[{\"name\":\"\",\"type\":\"image\",\"props\":{\"animation\":\"parallax\",\"block_align\":\"center\",\"image\":\"wp-content\\\/uploads\\\/yootheme\\\/materials-sustainability-icon-02.svg\",\"image_svg_color\":\"primary\",\"image_svg_inline\":true,\"margin\":\"\",\"maxwidth\":\"2xlarge\",\"parallax_breakpoint\":\"m\",\"parallax_easing\":\"1\",\"parallax_end\":\"40vh + 40%\",\"parallax_opacity\":\"0.3,1\",\"parallax_target\":\"!.uk-section\",\"parallax_y\":\"150,0\",\"text_align\":\"center\"}}]}]},{\"name\":\"\",\"type\":\"row\",\"props\":{\"margin_remove_bottom\":false,\"width\":\"large\"},\"children\":[{\"name\":\"\",\"type\":\"column\",\"props\":{\"image_position\":\"center-center\",\"media_overlay_gradient\":\"\",\"position_sticky_breakpoint\":\"m\",\"text_color\":\"light\",\"width_medium\":\"1-1\"},\"children\":[{\"name\":\"\",\"type\":\"headline\",\"props\":{\"animation\":\"parallax\",\"block_align\":\"center\",\"content\":\"Fotavtryck\",\"content_fi\":\"Jalanj\\u00e4lki\",\"content_nb_no\":\"Fotavtrykk\",\"maxwidth\":\"xlarge\",\"parallax_breakpoint\":\"m\",\"parallax_easing\":\"1\",\"parallax_end\":\"40vh + 40%\",\"parallax_opacity\":\"0.2,1\",\"parallax_target\":\"!.uk-section\",\"parallax_y\":\"150,0\",\"parallax_zindex\":false,\"text_align\":\"center\",\"title_element\":\"h3\",\"title_style\":\"heading-medium\"}},{\"name\":\"\",\"type\":\"divider\",\"props\":{\"block_align\":\"right\",\"divider_align\":\"\",\"divider_align_breakpoint\":\"\",\"divider_align_fallback\":\"\",\"divider_element\":\"hr\",\"divider_style\":\"vertical\",\"margin\":\"xlarge\",\"parallax_easing\":\"0.3\",\"parallax_end\":\"50vh + 50%\",\"parallax_opacity\":\"0,1\",\"parallax_y\":\"-290,0\"}},{\"type\":\"headline\",\"props\":{\"content\":\"\n\n<p style=\\\"text-align: center;\\\">Ekodesignad enligt en produktspecifik livscykelanalys.<\\\/p>\\n\n\n<p style=\\\"text-align: center;\\\">H\\u00f6g kvalitet och l\\u00e5ng h\\u00e5llbarhet<\\\/p>\",\"content_fi\":\"Ekologisesti suunniteltu tuotekohtaisen elinkaarianalyysin perusteella. Korkea laatu ja pitk\\u00e4 kest\\u00e4vyys\",\"content_nb_no\":\"\\u00d8ko-designet i henhold til en produktspesifikk livssyklusanalyse. H\\u00f8y kvalitet og lang holdbarhet\",\"text_align\":\"center\",\"title_element\":\"h2\"}}]}]},{\"type\":\"row\",\"props\":{\"margin\":\"xlarge\",\"margin_remove_bottom\":true},\"children\":[{\"type\":\"column\",\"props\":{\"image_position\":\"center-center\",\"media_overlay_gradient\":\"\",\"position_sticky_breakpoint\":\"m\",\"width_medium\":\"1-1\"},\"children\":[{\"name\":\"\",\"type\":\"image\",\"props\":{\"animation\":\"parallax\",\"block_align\":\"center\",\"container_padding_remove\":false,\"image\":\"wp-content\\\/uploads\\\/yootheme\\\/materials-sustainability-icon-03.svg\",\"image_svg_color\":\"primary\",\"image_svg_inline\":true,\"margin\":\"\",\"maxwidth\":\"2xlarge\",\"parallax_breakpoint\":\"m\",\"parallax_easing\":\"1\",\"parallax_end\":\"30vh + 30%\",\"parallax_opacity\":\"0,1\",\"parallax_target\":\"!.uk-section\",\"parallax_y\":\"150,0\",\"text_align\":\"center\"}}]}]},{\"name\":\"\",\"type\":\"row\",\"props\":{\"margin_remove_bottom\":false,\"width\":\"large\"},\"children\":[{\"name\":\"\",\"type\":\"column\",\"props\":{\"image_position\":\"center-center\",\"media_overlay_gradient\":\"\",\"position_sticky_breakpoint\":\"m\",\"text_color\":\"light\",\"width_medium\":\"1-1\"},\"children\":[{\"name\":\"\",\"type\":\"headline\",\"props\":{\"animation\":\"parallax\",\"block_align\":\"center\",\"content\":\"Industry Waste Management\",\"maxwidth\":\"2xlarge\",\"parallax_breakpoint\":\"m\",\"parallax_easing\":\"1\",\"parallax_end\":\"30vh + 30%\",\"parallax_opacity\":\"0,1\",\"parallax_target\":\"!.uk-section\",\"parallax_y\":\"150,0\",\"text_align\":\"center\",\"title_element\":\"h3\",\"title_style\":\"heading-medium\"}},{\"name\":\"\",\"type\":\"divider\",\"props\":{\"block_align\":\"right\",\"divider_align\":\"\",\"divider_align_breakpoint\":\"\",\"divider_align_fallback\":\"\",\"divider_element\":\"hr\",\"divider_style\":\"vertical\",\"margin\":\"xlarge\",\"parallax_easing\":\"0.3\",\"parallax_end\":\"50vh + 50%\",\"parallax_opacity\":\"0,1\",\"parallax_y\":\"-290,0\"}},{\"type\":\"headline\",\"props\":{\"content\":\"\n\n<p style=\\\"text-align: center;\\\">Allt material som anv\\u00e4nds f\\u00f6r att producera R-Tile produktsortimentet \\u00e4r REACH-kompatibelt.<\\\/p>\",\"content_fi\":\"Kaikki R-Laatan valmistuksessa k\\u00e4ytetyt materiaalit<br \\\/>tuotevalikoima on REACH-yhteensopiva.\",\"content_nb_no\":\"Alle materialer som brukes til \\u00e5 produsere R-Tile<br \\\/>produktutvalget er REACH-kompatibelt.\",\"text_align\":\"center\",\"title_element\":\"h2\"}}]}]},{\"type\":\"row\",\"props\":{\"margin\":\"xlarge\",\"margin_remove_bottom\":true},\"children\":[{\"type\":\"column\",\"props\":{\"image_position\":\"center-center\",\"media_overlay_gradient\":\"\",\"position_sticky_breakpoint\":\"m\",\"width_medium\":\"1-1\"},\"children\":[{\"name\":\"\",\"type\":\"image\",\"props\":{\"animation\":\"parallax\",\"block_align\":\"center\",\"image\":\"wp-content\\\/uploads\\\/yootheme\\\/materials-sustainability-icon-04.svg\",\"image_svg_color\":\"primary\",\"image_svg_inline\":true,\"margin\":\"\",\"maxwidth\":\"2xlarge\",\"parallax_breakpoint\":\"m\",\"parallax_easing\":\"1\",\"parallax_end\":\"10vh + 10%\",\"parallax_opacity\":\"0,1\",\"parallax_target\":\"!.uk-section\",\"parallax_y\":\"150,0\",\"text_align\":\"center\"}}]}]},{\"name\":\"\",\"type\":\"row\",\"props\":{\"margin_remove_bottom\":false,\"width\":\"large\"},\"children\":[{\"name\":\"\",\"type\":\"column\",\"props\":{\"image_position\":\"center-center\",\"media_overlay_gradient\":\"\",\"position_sticky_breakpoint\":\"m\",\"text_color\":\"light\",\"width_medium\":\"1-1\"},\"children\":[{\"name\":\"\",\"type\":\"divider\",\"props\":{\"block_align\":\"right\",\"divider_align\":\"\",\"divider_align_breakpoint\":\"\",\"divider_align_fallback\":\"\",\"divider_element\":\"hr\",\"divider_style\":\"vertical\",\"margin\":\"xlarge\",\"parallax_easing\":\"0.3\",\"parallax_end\":\"50vh + 50%\",\"parallax_opacity\":\"0,1\",\"parallax_y\":\"-290,0\"}},{\"type\":\"text\",\"props\":{\"column_breakpoint\":\"m\",\"content\":\"\n\n<h2 style=\\\"text-align: center;\\\">R-Tek verkar ocks\\u00e5 strikt i<br \\\/>I enlighet med milj\\u00f6n<br \\\/>standarder ISO 14001-2004 varigenom<br \\\/>allt avfall \\u00e5tervinns till 100 % och<br \\\/>inkluderar alla avslagsplattor etc. som<br \\\/>granuleras och upparbetas<br \\\/>att producera nya svarta plattor.<\\\/h2>\",\"margin\":\"default\"}},{\"name\":\"\",\"type\":\"image\",\"props\":{\"animation\":\"parallax\",\"image\":\"wp-content\\\/uploads\\\/yootheme\\\/materials-sustainability-icon-05.svg\",\"image_svg_color\":\"primary\",\"image_svg_inline\":true,\"image_width\":\"50\",\"margin\":\"\",\"margin_remove_bottom\":true,\"parallax_breakpoint\":\"m\",\"parallax_easing\":\"1\",\"parallax_opacity\":\"0,1\",\"parallax_target\":\"!.uk-section\",\"parallax_y\":\"200,100\",\"text_align\":\"center\"}}]}]},{\"type\":\"row\",\"children\":[{\"type\":\"column\",\"props\":{\"image_position\":\"center-center\",\"media_overlay_gradient\":\"\",\"position_sticky_breakpoint\":\"m\"},\"children\":[{\"type\":\"video\",\"props\":{\"margin\":\"default\",\"video\":\"https:\\\/\\\/youtu.be\\\/az3n6zKdx_M\",\"video_box_decoration\":\"\",\"video_box_shadow\":\"\",\"video_controls\":true,\"video_height\":\"400\",\"video_width\":\"100%\"}}]}]}]}],\"version\":\"3.0.25\"} --><\/p>\n","protected":false},"excerpt":{"rendered":"<p>F\u00f6rst\u00e5else f\u00f6rH\u00e5llbarhet SKYDD AV NATURRESURSERNA TVOC-utsl\u00e4pp \u00e4r 6 g\u00e5nger b\u00e4ttre \u00e4n normkraven Fotavtryck Ekodesignad enligt en produktspecifik livscykelanalys. H\u00f6g kvalitet och l\u00e5ng h\u00e5llbarhet Industry Waste Management Allt material som anv\u00e4nds f\u00f6r att producera R-Tile produktsortimentet \u00e4r REACH-kompatibelt. R-Tek verkar ocks\u00e5 strikt iI enlighet med milj\u00f6nstandarder ISO 14001-2004 varigenomallt avfall \u00e5tervinns till 100 % ochinkluderar alla [&hellip;]<\/p>\n","protected":false},"author":1,"featured_media":0,"parent":0,"menu_order":8,"comment_status":"open","ping_status":"open","template":"","meta":{"_acf_changed":false,"footnotes":""},"class_list":["post-3","page","type-page","status-publish","hentry"],"acf":[],"aioseo_notices":[],"_links":{"self":[{"href":"https:\/\/rthscandinavia.com\/index.php?rest_route=\/wp\/v2\/pages\/3","targetHints":{"allow":["GET"]}}],"collection":[{"href":"https:\/\/rthscandinavia.com\/index.php?rest_route=\/wp\/v2\/pages"}],"about":[{"href":"https:\/\/rthscandinavia.com\/index.php?rest_route=\/wp\/v2\/types\/page"}],"author":[{"embeddable":true,"href":"https:\/\/rthscandinavia.com\/index.php?rest_route=\/wp\/v2\/users\/1"}],"replies":[{"embeddable":true,"href":"https:\/\/rthscandinavia.com\/index.php?rest_route=%2Fwp%2Fv2%2Fcomments&post=3"}],"version-history":[{"count":22,"href":"https:\/\/rthscandinavia.com\/index.php?rest_route=\/wp\/v2\/pages\/3\/revisions"}],"predecessor-version":[{"id":1771,"href":"https:\/\/rthscandinavia.com\/index.php?rest_route=\/wp\/v2\/pages\/3\/revisions\/1771"}],"wp:attachment":[{"href":"https:\/\/rthscandinavia.com\/index.php?rest_route=%2Fwp%2Fv2%2Fmedia&parent=3"}],"curies":[{"name":"wp","href":"https:\/\/api.w.org\/{rel}","templated":true}]}}