{"id":7,"date":"2019-05-09T13:33:16","date_gmt":"2019-05-09T13:33:16","guid":{"rendered":"https:\/\/rthscandinavia.com\/?p=7"},"modified":"2024-11-14T16:44:56","modified_gmt":"2024-11-14T15:44:56","slug":"contact","status":"publish","type":"page","link":"https:\/\/rthscandinavia.com\/?page_id=7","title":{"rendered":"Kontakt"},"content":{"rendered":"<h1>L\u00c5T OSS G\u00d6RA N\u00c5GOT FANTASTISKT TILLSAMMANS<\/h1>\n<div>\n<p>63.8389,20.1555<\/p>\n<h3>Ume\u00e5, SWE<\/h3>\n<\/div>\n<ul>\n<li>\n<div>\n<p><span data-olk-copy-source=\"MessageBody\">Klackgatan 9, Lgh 1401<\/span><\/p>\n<\/div>\n<\/li>\n<li>\n<div>\n<p><span data-olk-copy-source=\"MessageBody\">904 30 Ume\u00e5<\/span><\/p>\n<\/div>\n<\/li>\n<li>\n<div>\n<p>Sverige<\/p>\n<\/div>\n<\/li>\n<li>\n<div><span data-olk-copy-source=\"MessageBody\">Org nr: 559343-7667<\/span><\/div>\n<\/li>\n<\/ul>\n<ul>\n<li>\n<h3>Tlf<\/h3>\n<p><a href=\"mailto:info@rthscandinavia.com\"><\/p>\n<p>+46 702183057<\/p>\n<p><\/a><\/p>\n<\/li>\n<li>\n<h3>E-Mail<\/h3>\n<p><a href=\"mailto:info@rthscandinavia.com\"><\/p>\n<div style=\"text-transform: lowercase;\">info@rthscandinavia.com<\/div>\n<p><\/a><\/p>\n<\/li>\n<\/ul>\n<p><img decoding=\"async\" src=\"\/wp-content\/uploads\/2022\/10\/RM-hemsida-contact-scaled.jpg\" alt=\"\"><\/p>\n<ul>\n<li>\n<div>\n<p>F\u00d6RS\u00c4LJNINGSREPRESENTANT<\/p>\n<\/div>\n<\/li>\n<li>\n<div>\n<p>Richard Masiello<\/p>\n<\/div>\n<\/li>\n<\/ul>\n<p><!--more--><br \/>\n<!-- {\"type\":\"layout\",\"children\":[{\"name\":\"Hero\",\"type\":\"section\",\"props\":{\"image_position\":\"center-center\",\"padding\":\"large\",\"style\":\"default\",\"title_breakpoint\":\"xl\",\"title_position\":\"top-left\",\"title_rotation\":\"left\",\"vertical_align\":\"\",\"width\":\"large\"},\"children\":[{\"type\":\"row\",\"children\":[{\"type\":\"column\",\"props\":{\"image_position\":\"center-center\",\"position_sticky_breakpoint\":\"m\",\"width_medium\":\"1-1\"},\"children\":[{\"type\":\"headline\",\"props\":{\"animation\":\"parallax\",\"content\":\"L\\u00c5T OSS G\\u00d6RA N\\u00c5GOT FANTASTISKT TILLSAMMANS\",\"maxwidth\":\"2xlarge\",\"parallax_breakpoint\":\"m\",\"parallax_easing\":\"1\",\"parallax_y\":\"0,-50\",\"title_element\":\"h1\",\"title_style\":\"heading-medium\"}}]}]}]},{\"name\":\"Contact\",\"type\":\"section\",\"props\":{\"image_position\":\"center-center\",\"padding_remove_top\":true,\"style\":\"default\",\"title_breakpoint\":\"xl\",\"title_position\":\"top-left\",\"title_rotation\":\"left\",\"vertical_align\":\"\",\"width\":\"\"},\"children\":[{\"type\":\"row\",\"props\":{\"column_gap\":\"collapse\",\"layout\":\"2-3,1-3\",\"row_gap\":\"collapse\"},\"children\":[{\"type\":\"column\",\"props\":{\"image_position\":\"center-center\",\"position_sticky_breakpoint\":\"m\",\"width_large\":\"2-3\"},\"children\":[{\"type\":\"map\",\"props\":{\"animation\":\"none\",\"controls\":false,\"dragging\":false,\"height\":\"750\",\"image_svg_color\":\"emphasis\",\"link_style\":\"default\",\"link_text\":\"Read more\",\"margin\":\"default\",\"max_zoom\":18,\"meta_align\":\"below-title\",\"meta_element\":\"div\",\"meta_style\":\"text-meta\",\"min_zoom\":0,\"parallax_end\":\"70vh + 70%\",\"parallax_y\":\"30,0\",\"poi\":false,\"show_content\":true,\"show_image\":true,\"show_link\":true,\"show_meta\":true,\"show_title\":true,\"styler_hue\":\"rgb(255, 255, 255)\",\"styler_lightness\":\"42\",\"title_element\":\"h3\",\"title_hover_style\":\"reset\",\"type\":\"roadmap\",\"zoom\":\"15\",\"zooming\":false},\"children\":[{\"type\":\"map_item\",\"props\":{\"hide\":false,\"location\":\"63.8389,20.1555\",\"show_popup\":false,\"title\":\"Ume\\u00e5, SWE\"}}]}]},{\"type\":\"column\",\"props\":{\"image_position\":\"center-center\",\"position_sticky_breakpoint\":\"m\",\"preserve_color\":false,\"style\":\"tile-secondary\",\"vertical_align\":\"middle\",\"width_large\":\"1-3\"},\"children\":[{\"type\":\"list\",\"props\":{\"animation\":\"parallax\",\"column_breakpoint\":\"m\",\"content_style\":\"h5\",\"image_align\":\"left\",\"image_svg_color\":\"emphasis\",\"image_vertical_align\":true,\"list_element\":\"ul\",\"list_horizontal_separator\":\", \",\"list_type\":\"vertical\",\"margin\":\"large\",\"parallax_breakpoint\":\"m\",\"parallax_easing\":\"1\",\"parallax_end\":\"70vh + 70%\",\"parallax_y\":\"30,0\",\"show_image\":true,\"show_link\":true,\"text_align\":\"left\"},\"children\":[{\"type\":\"list_item\",\"props\":{\"content\":\"\n\n<p><span data-olk-copy-source=\\\"MessageBody\\\">Klackgatan 9, Lgh 1401<\\\/span><\\\/p>\"}},{\"type\":\"list_item\",\"props\":{\"content\":\"\n\n<p><span data-olk-copy-source=\\\"MessageBody\\\">904 30 Ume\\u00e5<\\\/span><\\\/p>\"}},{\"type\":\"list_item\",\"props\":{\"content\":\"\n\n<p>Sverige<\\\/p>\"}},{\"type\":\"list_item\",\"props\":{\"content\":\"<span data-olk-copy-source=\\\"MessageBody\\\">Org nr: 559343-7667<\\\/span>\"}}]},{\"type\":\"description_list\",\"props\":{\"animation\":\"none\",\"column_breakpoint\":\"m\",\"content_style\":\"h5\",\"layout\":\"grid-2\",\"link_style\":\"muted\",\"list_element\":\"ul\",\"meta_align\":\"below-content\",\"meta_color\":\"secondary\",\"meta_style\":\"\",\"show_content\":true,\"show_link\":true,\"show_meta\":true,\"show_title\":true,\"title_colon\":false,\"title_color\":\"muted\",\"title_element\":\"div\",\"title_grid_column_gap\":\"\",\"title_grid_row_gap\":\"\",\"title_grid_width\":\"small\",\"title_leader\":true,\"title_style\":\"h5\"},\"children\":[{\"type\":\"description_list_item\",\"props\":{\"content\":\"\n\n<p>+46 702183057<\\\/p>\",\"link\":\"mailto:info@rthscandinavia.com\",\"meta\":\"\",\"title\":\"Tlf\"}},{\"type\":\"description_list_item\",\"props\":{\"content\":\"\n\n<div style=\\\"text-transform: lowercase;\\\">info@rthscandinavia.com<\\\/div>\",\"link\":\"mailto:info@rthscandinavia.com\",\"link_target\":true,\"meta\":\"\",\"title\":\"E-Mail\"}}]},{\"type\":\"image\",\"props\":{\"image\":\"wp-content\\\/uploads\\\/2022\\\/10\\\/RM-hemsida-contact-scaled.jpg\",\"image_height\":\"250\",\"image_svg_color\":\"emphasis\",\"margin\":\"default\",\"text_align\":\"center\"}},{\"type\":\"list\",\"props\":{\"animation\":\"parallax\",\"column_breakpoint\":\"m\",\"content_style\":\"h5\",\"image_align\":\"left\",\"image_svg_color\":\"emphasis\",\"image_vertical_align\":true,\"list_element\":\"ul\",\"list_horizontal_separator\":\", \",\"list_type\":\"vertical\",\"margin\":\"large\",\"parallax_breakpoint\":\"m\",\"parallax_easing\":\"1\",\"parallax_end\":\"70vh + 70%\",\"parallax_y\":\"30,0\",\"show_image\":true,\"show_link\":true,\"text_align\":\"left\"},\"children\":[{\"type\":\"list_item\",\"props\":{\"content\":\"\n\n<p>F\\u00d6RS\\u00c4LJNINGSREPRESENTANT<\\\/p>\"}},{\"type\":\"list_item\",\"props\":{\"content\":\"\n\n<p>Richard Masiello<\\\/p>\"}}]}]}]}]}],\"version\":\"4.4.12\"} --><\/p>\n","protected":false},"excerpt":{"rendered":"<p>L\u00c5T OSS G\u00d6RA N\u00c5GOT FANTASTISKT TILLSAMMANS 63.8389,20.1555 Ume\u00e5, SWE Klackgatan 9, Lgh 1401 904 30 Ume\u00e5 Sverige Org nr: 559343-7667 Tlf +46 702183057 E-Mail info@rthscandinavia.com F\u00d6RS\u00c4LJNINGSREPRESENTANT Richard Masiello<\/p>\n","protected":false},"author":1,"featured_media":0,"parent":0,"menu_order":4,"comment_status":"open","ping_status":"open","template":"","meta":{"_acf_changed":false,"footnotes":""},"class_list":["post-7","page","type-page","status-publish","hentry"],"acf":[],"aioseo_notices":[],"_links":{"self":[{"href":"https:\/\/rthscandinavia.com\/index.php?rest_route=\/wp\/v2\/pages\/7","targetHints":{"allow":["GET"]}}],"collection":[{"href":"https:\/\/rthscandinavia.com\/index.php?rest_route=\/wp\/v2\/pages"}],"about":[{"href":"https:\/\/rthscandinavia.com\/index.php?rest_route=\/wp\/v2\/types\/page"}],"author":[{"embeddable":true,"href":"https:\/\/rthscandinavia.com\/index.php?rest_route=\/wp\/v2\/users\/1"}],"replies":[{"embeddable":true,"href":"https:\/\/rthscandinavia.com\/index.php?rest_route=%2Fwp%2Fv2%2Fcomments&post=7"}],"version-history":[{"count":32,"href":"https:\/\/rthscandinavia.com\/index.php?rest_route=\/wp\/v2\/pages\/7\/revisions"}],"predecessor-version":[{"id":2139,"href":"https:\/\/rthscandinavia.com\/index.php?rest_route=\/wp\/v2\/pages\/7\/revisions\/2139"}],"wp:attachment":[{"href":"https:\/\/rthscandinavia.com\/index.php?rest_route=%2Fwp%2Fv2%2Fmedia&parent=7"}],"curies":[{"name":"wp","href":"https:\/\/api.w.org\/{rel}","templated":true}]}}